2. Let v(t) = 5*t + 12. Let n(b) = 4*q(b) + v(b). Calculate n(-2).
2
Let v(z) = -z - 29*z**2 + 3*z**2 + 3 + 23*z**2. Determine v(-4).
-41
Suppose -3*n + 4*n = 5*a - 94, -4*n - 52 = -2*a. Suppose 0 = o + 2*o - a. Let c(l) = 58 + 48 - l**2 + 5*l - 155 + 57. What is c(o)?
2
Let v(f) = 8 - f - 8 - 2*f**2. Let g = -217 + 216. What is v(g)?
-1
Let m(n) = 4*n - 2. Let p(q) = q + 44. Let w be p(-40). Determine m(w).
14
Let m(r) = -2*r**3 - 2*r**2 + 3*r + 2. Let i(o) = -o**3 - o**2 - o - 1. Let q(c) = i(c) - m(c). Give q(-3).
-9
Let m be -1*(-20)/(-15)*3. Let h(n) = n**2 + 4*n - 5. Let y be h(m). Let x(r) = -1 - r**2 - 1 - 4*r - 3. Give x(y).
-10
Let i(r) = -r**3 + 6*r**2 + r + 3. Suppose 2*n + 0*n = -3*u + 8, -5*n + 5*u - 5 = 0. Let t be (-4*n)/((-8)/12). What is i(t)?
9
Suppose 0 = -3*x + 12, -2*x + 54 = 5*i + 11. Let m(h) = i*h + 6*h - 10*h + 7. What is m(-5)?
-8
Let i(l) = -l**2 + 13*l + 11. Let g be i(13). Let w(j) = j + 4 + g - 16. Suppose f + 2*d = 6*d - 10, -3*d + 19 = 5*f. Determine w(f).
1
Let b(p) = 8 - p - 2 - 5. Suppose 4*i - 25 = -i. Determine b(i).
-4
Suppose -5*z - 2*z = -56. Let l be (-4)/((z/3)/4). Let d(c) = -c**2 - 6*c - 5. What is d(l)?
-5
Suppose 3*r - 18 = -r + 3*g, -3*r - 2*g + 5 = 0. Let c(p) = -8*p**r - 13*p**3 + 5*p**2 - 2 + 22*p**3 - 3*p - 4. Calculate c(-5).
9
Let p(k) = k**3 + 6*k**2 + 3*k - 3. Let x(f) = -f**2 + 7*f. Let q be x(3). Suppose 4*m - 3*o = -2 - 0, o = -5*m - q. Let t be (13 + -3)/(1*m). Determine p(t).
7
Let f(s) = 4*s**2 - 4*s + 2. Let z(b) = 2*b**2 - 8*b + 5*b**2 + 3 + 0*b. Let m(o) = -5*f(o) + 3*z(o). Let l be (90/450)/(1/15). What is m(l)?
-4
Let r(p) = 15*p - 22. Let g(l) = -7*l + 10. Let a(s) = -s - 13. Let u be a(-9). Let o(b) = u*r(b) - 9*g(b). Calculate o(3).
7
Let z(p) = -p**3 + 18*p**2 - 16*p - 21. Suppose 13*g = 30*g - 289. What is z(g)?
-4
Let x(q) = 2*q + 2. Let p = -98 + 94. Give x(p).
-6
Let g(h) = -18*h - 21*h + 0 - 15*h - 11 + 53*h. Give g(0).
-11
Let y(o) = 2*o - 2. Let d(u) = -11*u + 4. Let c(i) = d(i) + 5*y(i). Calculate c(-9).
3
Let p = 42 + -32. Suppose p*x = 9*x + 6. Let m(u) = 2 + 2 + 0*u - u**3 + 5*u**2 + 8*u. Determine m(x).
16
Let h(p) = p**3 - 12*p**2. Let m be (-3*16/2)/(-2). Give h(m).
0
Let i(m) be the second derivative of m**5/20 + 5*m**4/12 - 3*m**2/2 + 2*m + 271. Give i(-4).
13
Let l(z) = 5*z**2 + 2452*z**3 + 15 - z - 2453*z**3 + 8*z**2. What is l(13)?
2
Let y = 7 + -4. Let m(j) = 3*j + y*j - 4*j + j. Let x be m(-2). Let d(k) = k**3 + 5*k**2 - 4*k + 4. Give d(x).
-8
Let v(p) = -2. Let g(r) = r - 5. Let t(c) = g(c) - v(c). Calculate t(-6).
-9
Let m(l) be the first derivative of -l**4 + 3*l**2/2 + 4*l + 13. Let w(v) = v**3 - 1. Let a(j) = m(j) + 2*w(j). Determine a(-2).
12
Let u(w) be the third derivative of w**7/2520 + w**6/240 + w**5/20 - 7*w**4/12 + 6*w**2. Let r(t) be the second derivative of u(t). Determine r(-5).
16
Let s be -5 + 2 - (-3 - -1). Let h(g) = -2*g. Determine h(s).
2
Suppose 3*j - 26*j = 14*j. Let x(h) = -5*h**2 + 5*h - 7. Suppose 3*r + 0*r - 3 = 0. Let m(k) = -k**2 + k - 1. Let n(o) = r*x(o) - 6*m(o). What is n(j)?
-1
Let z(r) = -r**2 - 9*r + 6. Suppose -12*u = 11*u + 207. Give z(u).
6
Let o(g) be the first derivative of -g**2/2 - 15*g + 112. Give o(-12).
-3
Suppose 0 = 31*v - 68 + 6. Let i(l) = -5*l**3 + 3*l**2 - 3*l + 3. Give i(v).
-31
Let u(a) be the third derivative of 0*a**4 + 4*a**2 + 0*a + 1/60*a**5 + 0 + 1/6*a**3. Determine u(1).
2
Suppose 2*y = -n + 9, 2*n - 2 + 0 = 0. Let m(r) = -2*r**2 + 3 - 1 + y. Let x(a) = -4*a**2 + 11. Let t(b) = -11*m(b) + 6*x(b). Determine t(-1).
-2
Let q(w) = -16*w - 1. Let a(j) = 12*j + 37. Let v be a(-3). Calculate q(v).
-17
Let b(n) = -n**2 - 2*n - 2. Let c be 80/60 - (-11)/3. Let j(a) = 2*a**2 + 5*a + 5. Let h(d) = c*b(d) + 2*j(d). What is h(3)?
-9
Let j(y) = 5*y - 13. Let d(l) = 3*l - 2*l + 2 - 3*l + 2. Let r(f) = -11*d(f) - 4*j(f). Determine r(-6).
-4
Let t(s) be the second derivative of -s**5/20 + s**4/2 + 5*s**3/3 + 3*s**2 - 2*s + 24. Determine t(8).
-42
Suppose -5 = 2*q - 9. Suppose -s + 27 = -0*a + 5*a, 22 = q*s + 2*a. Let n(x) = s + 2 + 0 + x + 0*x. Give n(-7).
2
Let o(b) = b**2 + 1. Let q(l) = -l**2 - 6*l - 9. Suppose 3*r - 5 = 1. Let x(w) = r*o(w) + q(w). Determine x(7).
0
Let p(f) be the third derivative of -f**6/60 - f**4/12 - 7*f**2. Let y = 22 + -20. Determine p(y).
-20
Let t be 9/(81/6)*66. Let l(k) = t + 0*k - 41 + k + 3*k. What is l(-3)?
-9
Let j(m) = -m**3 - 5*m**2 - 4*m - 4. Let i(x) = -2*x**2 + 9*x - 7. Let p be i(3). Suppose d - 4 = p*d. What is j(d)?
-4
Let c(i) = -i**3 + 9*i - 2*i - 5*i**3 - 9*i - 1 - 40*i**3 - 2*i**2. What is c(-1)?
45
Let l = -4 + 1. Let x(s) = 5*s + 72. Let z be x(-14). Let y(m) = 396*m - 397*m - m**z - 2 + 2*m**2. What is y(l)?
10
Let a = 1 - 0. Let n be (a/(-2))/((-5)/70). Let h(m) = 3*m - 1 + n + 0*m. What is h(-4)?
-6
Let m(f) = -2*f - 12 - 2*f + 0*f - 1. Let z be m(-4). Let n(p) = 1 + 3 - z + 9*p - p**2. Determine n(7).
15
Let i(v) be the first derivative of -2 + 7/2*v**2 - v. Suppose -15 = 14*k - 1. What is i(k)?
-8
Let q(f) = 25*f. Suppose -4*h + v + 0*v = 8, 2*h - 2*v + 10 = 0. Calculate q(h).
-25
Let u(x) = -2*x - 4. Let c(i) = i**2 - 2*i + 3. Let d be c(3). Let m be 4 + (3 - d) - -2. Suppose v - 2 = 0, 5*s = m*v - 6*v - 9. Calculate u(s).
2
Suppose 2*y = -4*i - 2, i + 2 + 9 = 3*y. Let o(m) = 9*m - 15. Let j(l) = -4*l + 8. Let z(b) = i*o(b) - 5*j(b). Calculate z(8).
6
Let k(p) = -11 + 2 - 5*p + 2*p**2 + 5 + 3*p. Calculate k(-3).
20
Let g(j) be the first derivative of 3 + 1/3*j**3 + 5*j + 3*j**2. Let p be g(-6). Let f(c) = -c + 5. What is f(p)?
0
Let z(w) = 5*w - 2*w - 11*w + 6*w. Let y(i) = -1. Let v(g) = 3*y(g) + z(g). Give v(-5).
7
Let g = -291 - -295. Let x(i) = -2*i**2 + 7*i - 6. Calculate x(g).
-10
Let v(b) = 3*b + 7. Suppose 4*h + 71 = 5*y, -3*h - 64 = -4*y + 2*h. Let g = 1 - y. Let a be (-5 - -6)/(2/g). What is v(a)?
-8
Suppose 33*j + 14 = 29*j - 2*w, -2*w = -2. Let k(g) = -9*g + 3. Give k(j).
39
Let j(a) = -9*a + 2. Let d(k) be the second derivative of -4*k**3/3 + k**2/2 - 12*k. Let t(h) = 5*d(h) - 4*j(h). Calculate t(-2).
5
Let k(q) = 0*q**2 + 0*q**3 + 10 - q**2 - q**3 + 2. Suppose -5*h = 3*z - 0*h - 21, -2*z - 2*h = -10. Suppose 0 = -3*c + z*c. Give k(c).
12
Let n = 14 - 10. Let a(i) = -3*i - i**2 - 30 + n*i + 20. Let f(x) = x - 3. Let r be f(3). Determine a(r).
-10
Let n(p) = 3*p**3 - p**2. Let o = -1812 - -1811. Give n(o).
-4
Let s be 2/(-3)*(-12)/8. Suppose 5*p + s + 24 = 0. Let q(d) = -3*d - 11. Let a(l) = -13*l - 45. Let o(v) = 2*a(v) - 9*q(v). Calculate o(p).
4
Let w = -9 + 13. Let p(b) be the first derivative of b**6/360 - b**5/20 + 5*b**4/24 + 13*b**3/3 - 16. Let i(m) be the third derivative of p(m). Calculate i(w).
-3
Let k(f) = 7*f**2 + f - 4. Let l(j) = -20*j**2 - 3*j + 11. Let o(g) = -11*k(g) - 4*l(g). Suppose -5*x + 4*x - 7 = 4*z, 0 = -4*x + 5*z + 14. Give o(x).
4
Let l = -455 - -449. Suppose -2*g + 0*g + 16 = 0. Let i(v) = -5*v - g - 4*v**2 + 3*v**2 - v. Give i(l).
-8
Let r(c) = 3*c - 8*c - 3 + 8 - 2*c**2 + 3*c**2. Let l be 2 + 2 + (1 - 2). Suppose 0*t + t + 3 = 0, 3*z - l*t - 21 = 0. Determine r(z).
1
Let b(w) be the second derivative of -w**5/10 + w**4/6 - w**3/2 - 7*w**2/2 + 10*w. Let c(d) = d**3 + d**2 + 1. Let o(x) = -b(x) - 3*c(x). What is o(-5)?
-11
Suppose 3 = 3*a + 15. Let b be -1 - (-2)/8*a. Let q(y) = y**2 + y. Calculate q(b).
2
Let y(n) be the third derivative of -n**4/12 + n**3/6 - 3*n**2 - 15. Let t(u) = -2*u. Let s(p) = -3*t(p) + 2*y(p). Calculate s(4).
10
Let w = 146 + -149. Let p(n) = n**3 + 5*n**2 + 3*n - 2. Let m be p(w). Let z(t) be the first derivative of t**2/2 - 4*t - 1. Determine z(m).
3
Let a(i) = -19*i**2 - i. Let k(l) = 23*l**2. Let c(z) = -6*a(z) - 5*k(z). Suppose 0 = -q + 5 + 2. Determine c(q).
-7
Let s(p) = 23*p - 13 - 6*p + 18 - 11*p + 2*p**2. Calculate s(-2).
1
Suppose 4*i - 13 = b, 3*i = -i + 4*b + 4. Suppose o - 30 = -3*j, i*j = -o + 25 + 14. Let u(q) = -q**3 + 10*q**2 - 10*q + 5. Determine u(j).
-4
Let n = 10 - 6. Let i(s) = -2*s - n*s - 6 + 4*s. Calculate i(-4).
2
Let w(s) = 5*s - 1. Suppose -15 = 4*i - b + 2*b, 9 = 2*i - 5*b. Let v = 0 + i. Let t(x) = 5*x. Let r(n) = v*w(n) + 4*t(n). Calculate r(-2).
-7
Let x(z) be the second derivative of 1/2*z**2 + 0*z**3 + 5/12*z**4 + 0 + z. Suppose 0 = -2*i - 4, 3*i + 